
Is 14974697989 a prime number?
False
Is 86603470573 a prime number?
True
Is 1383365989 a composite number?
True
Is 27186647651 a prime number?
True
Is 27109833917 prime?
False
Is 5057944627 a composite number?
False
Is 2501360321 a composite number?
True
Is 25556623 a composite number?
False
Is 2200398059 a prime number?
False
Is 446983231 prime?
False
Is 23980678 a prime number?
False
Is 2276497687 composite?
True
Is 2578406747 a composite number?
True
Is 1465060229 a composite number?
False
Is 726188993 prime?
True
Is 8827237 a prime number?
True
Is 100567182994 a composite number?
True
Is 7009736207 a prime number?
True
Is 390536530823 prime?
True
Is 539708423 prime?
True
Is 436905451 a prime number?
True
Is 8859698567 prime?
False
Is 22789599757 a prime number?
True
Is 7501342267 prime?
True
Is 1491401071 a composite number?
True
Is 782906387 a prime number?
True
Is 900158293 a prime number?
True
Is 1571970077 prime?
True
Is 952391707 prime?
True
Is 212798191631 a composite number?
False
Is 1031692693 prime?
False
Is 20251186117 prime?
False
Is 449693611 a prime number?
True
Is 5639831627 a prime number?
True
Is 1087184429 a prime number?
True
Is 11553807301 a prime number?
True
Is 3715387513 composite?
False
Is 3869718407 composite?
False
Is 35325502769 prime?
False
Is 65096789815 composite?
True
Is 2890581571 a prime number?
True
Is 973461527 composite?
True
Is 8909384051 a prime number?
True
Is 1207792871 a prime number?
False
Is 257695606933 a composite number?
True
Is 3685686793 composite?
False
Is 1828030433 composite?
False
Is 32608764779 composite?
True
Is 8253800173 a composite number?
False
Is 809571061 a composite number?
True
Is 115341586531 a composite number?
True
Is 962508167 a prime number?
True
Is 7854309241 prime?
True
Is 24941065819 a prime number?
True
Is 1626211253 prime?
True
Is 28250763733 prime?
True
Is 6113464283 composite?
False
Is 1794147961 a prime number?
True
Is 28329104809 a prime number?
False
Is 13957003659 composite?
True
Is 6982323949 composite?
False
Is 14110345 a prime number?
False
Is 1113324077 a prime number?
True
Is 25604526989 a prime number?
True
Is 248830723 a prime number?
False
Is 1811251473 prime?
False
Is 95440151 a prime number?
True
Is 415718657 a composite number?
True
Is 5289247 a composite number?
False
Is 8360467994 prime?
False
Is 38001165193 composite?
True
Is 397889069 a prime number?
True
Is 34438362869 a prime number?
False
Is 5299138451 a prime number?
True
Is 9056357333 composite?
False
Is 96894613 composite?
True
Is 12993530054 a prime number?
False
Is 246548761 a prime number?
False
Is 27141559481 a composite number?
False
Is 3863549 a composite number?
False
Is 12611195929 prime?
False
Is 10951884277 a prime number?
True
Is 2106682895 composite?
True
Is 255035017567 a composite number?
True
Is 1027080557 a prime number?
False
Is 7673205739 composite?
True
Is 16204764691 a composite number?
False
Is 568458229 a prime number?
False
Is 19460790861 a composite number?
True
Is 63987026069 composite?
True
Is 34310551207 composite?
False
Is 1990097765 prime?
False
Is 357652991 composite?
False
Is 19070253953 prime?
False
Is 368551951 a prime number?
False
Is 1826051111 a prime number?
False
Is 21591152281 composite?
False
Is 17554402319 composite?
False
Is 12267172051 a prime number?
True
Is 1566532841 a prime number?
True
Is 1476573547 a composite number?
False
Is 13382297903 prime?
False
Is 1834414651 a composite number?
False
Is 8388043459 a prime number?
False
Is 432278207 a composite number?
False
Is 3617755337 a composite number?
True
Is 28582578029 composite?
False
Is 151388591 prime?
True
Is 44842044893 prime?
True
Is 14107111531 composite?
True
Is 69277981607 prime?
True
Is 496037743 prime?
False
Is 126192881719 a composite number?
False
Is 56373287059 a prime number?
True
Is 4592239663 a composite number?
True
Is 12443701 prime?
True
Is 438165509 a composite number?
False
Is 70660524853 composite?
False
Is 1588392511 composite?
True
Is 5879930957 a composite number?
False
Is 3462333001 a prime number?
False
Is 32592302 prime?
False
Is 34902940211 prime?
True
Is 2195498521 a composite number?
True
Is 534962965 a prime number?
False
Is 1201363489 a prime number?
False
Is 172279494721 prime?
True
Is 20428002629 a composite number?
True
Is 6145839691 prime?
False
Is 4373214707 prime?
False
Is 3766361813 prime?
True
Is 46935857571 prime?
False
Is 188756409 composite?
True
Is 39049249 a composite number?
False
Is 27022323803 a composite number?
True
Is 549530431 composite?
False
Is 42742402597 composite?
False
Is 7943915519 composite?
False
Is 11387772073 prime?
True
Is 8465423331 composite?
True
Is 97126481689 a prime number?
False
Is 4313675527 composite?
True
Is 9005081465 a composite number?
True
Is 43800386767 prime?
True
Is 405929683 a composite number?
False
Is 134677387391 composite?
True
Is 14775657877 prime?
False
Is 865305979 a composite number?
False
Is 37459287161 prime?
True
Is 14325419443 composite?
False
Is 292544233 a prime number?
True
Is 97875913 a prime number?
True
Is 57479735129 a prime number?
True
Is 935017885 a composite number?
True
Is 2496869027 a prime number?
True
Is 851512327 a composite number?
False
Is 223151683 a prime number?
True
Is 36090315527 prime?
False
Is 6442634774 a prime number?
False
Is 87933029 composite?
False
Is 1685929405 a composite number?
True
Is 973886161 a composite number?
True
Is 18274090129 prime?
False
Is 1008122587 a composite number?
False
Is 4091580803 a composite number?
False
Is 3140339731 composite?
False
Is 9707648927 composite?
True
Is 19929619 a composite number?
True
Is 466176433 a prime number?
False
Is 1813959839 prime?
True
Is 69880382153 a composite number?
False
Is 46847051651 a composite number?
False
Is 900560659 a prime number?
True
Is 892574743 composite?
False
Is 4860956239 a composite number?
False
Is 5118315173 prime?
True
Is 2253548497 a prime number?
True
Is 21018513493 composite?
True
Is 22592458637 a prime number?
False
Is 10658674349 composite?
False
Is 292031954047 prime?
True
Is 26964343885 a prime number?
False
Is 2432657807 prime?
True
Is 677165197 a composite number?
True
Is 380725763 composite?
True
Is 1291127077 composite?
True
Is 285879653 composite?
False
Is 7416176519 a prime number?
False
Is 39913012829 composite?
False
Is 6787938973 prime?
True
Is 9868801055 a composite number?
True
Is 87508903907 prime?
False
Is 14663366 a prime number?
False
Is 206800352581 prime?
True
Is 3570587497 composite?
False
Is 223572591881 prime?
True
Is 129325099 composite?
True
Is 28620657367 composite?
False
Is 2721875207 composite?
False
Is 658165649 a prime number?
True
Is 2430840961 a prime number?
False
Is 8765287903 composite?
True
Is 7935861289 composite?
False
Is 14342211809 prime?
True
Is 145045686811 a prime number?
False
Is 4810004363 a prime number?
True
Is 12846838757 a composite number?
False
Is 361379898382 a composite number?
True
Is 164268857 composite?
False
Is 265599479 a prime number?
True
Is 155551901 a prime number?
False
Is 6741338497 a prime number?
False
Is 48721427071 prime?
False
Is 4469005433 composite?
False
Is 85828500233 a prime number?
False
Is 313009751 a prime number?
False
Is 8965212727 prime?
True
Is 192572381 a prime number?
True
Is 469362059 a prime number?
False
Is 790936171 a prime number?
True
Is 5296201223 composite?
True
Is 4985730917 a composite number?
False
Is 39171144403 a composite number?
True
Is 697051945 composite?
True
Is 28595075953 a prime number?
True
Is 59455920273 a composite number?
True
Is 156071257 prime?
False
Is 41075344253 prime?
False
Is 1327310129 composite?
False
Is 712254061 composite?
False
Is 5669719527 composite?
True
Is 2995688923 prime?
True
Is 16760242099 prime?
False
Is 1294865623 prime?
False
Is 1959336187 prime?
False
Is 238093529 composite?
False
Is 4011506647 a prime number?
False
Is 85266183419 a composite number?
False
Is 406571597 prime?
True
Is 6631238987 composite?
True
Is 16217904643 composite?
True
Is 7577717689 prime?
True
Is 22069069109 composite?
False
Is 7558341971 prime?
True
Is 128311501519 prime?
False
Is 2988742837 composite?
False
Is 2084933717 a prime number?
True
Is 11383905397 composite?
False
Is 27648217